{"id":2716,"date":"2023-10-10T11:47:49","date_gmt":"2023-10-10T11:47:49","guid":{"rendered":"https:\/\/reformapisos.com\/?page_id=2716"},"modified":"2025-05-28T09:06:30","modified_gmt":"2025-05-28T09:06:30","slug":"pintores-de-pisos-para-reformas-y-reparaciones-del-hogar-en-ceuta","status":"publish","type":"page","link":"https:\/\/reformapisos.com\/index.php\/pintores-de-pisos-para-reformas-y-reparaciones-del-hogar-en-ceuta\/","title":{"rendered":"Pintores de pisos para reformas y reparaciones del hogar en Ceuta"},"content":{"rendered":"\n<figure class=\"wp-block-image size-large\"><img loading=\"lazy\" decoding=\"async\" width=\"1024\" height=\"288\" src=\"https:\/\/reformapisos.com\/wp-content\/uploads\/2023\/10\/118-1024x288.png\" alt=\"\" class=\"wp-image-2938\" srcset=\"https:\/\/reformapisos.com\/wp-content\/uploads\/2023\/10\/118-1024x288.png 1024w, https:\/\/reformapisos.com\/wp-content\/uploads\/2023\/10\/118-300x84.png 300w, https:\/\/reformapisos.com\/wp-content\/uploads\/2023\/10\/118-768x216.png 768w, https:\/\/reformapisos.com\/wp-content\/uploads\/2023\/10\/118-444x125.png 444w, https:\/\/reformapisos.com\/wp-content\/uploads\/2023\/10\/118.png 1280w\" sizes=\"(max-width: 1024px) 100vw, 1024px\" \/><\/figure>\n\n\n\n<h1 class=\"wp-block-heading\"><strong>Pintores a Domicilio en Ceuta: Reformas y Reparaciones<\/strong><\/h1>\n\n\n\n<p>Si necesitas <strong>pintores para reformas y reparaciones en Ceuta<\/strong>, busca en ReformaPisos.com la <strong>empresa de pintores baratos en Ceuta<\/strong>. Contacta f\u00e1cil y r\u00e1pido con profesionales con a\u00f1os de experiencia que sean <strong>pintores en Ceuta<\/strong>, a los mejores precios para <strong>reparaciones urgentes y reformas en Ceuta<\/strong>.<\/p>\n\n\n\n<p>Nuestros colaboradores son expertos en transformar tu piso, haciendo que el ambiente sea m\u00e1s luminoso, acogedor o moderno, seg\u00fan tus preferencias. Nos enfocamos en conectarte con <strong>empresas de pintura en Ceuta<\/strong> que garantizan servicios de alta calidad y se adaptan a tus necesidades, siempre considerando una excelente relaci\u00f3n entre calidad y el <strong>precio de pintar un piso en Ceuta<\/strong>.<\/p>\n\n\n\n<h2 class=\"wp-block-heading\"><strong>Las Mejores Empresas de Pintores para tu Hogar en Ceuta<\/strong><\/h2>\n\n\n\n<p>Encontrar una empresa de pintores de confianza en Ceuta es esencial para un acabado impecable. Para ayudarte a elegir la mejor opci\u00f3n para tus necesidades y presupuesto, te presentamos algunas de las <strong>empresas de pintores de pisos en Ceuta<\/strong> m\u00e1s recomendadas:<\/p>\n\n\n\n<ul>\n<li><strong>Pinturas Driss:<\/strong> Esta tienda de pinturas ofrece tambi\u00e9n un servicio de <strong>pintura a domicilio<\/strong>. Cuentan con una amplia experiencia en el sector y utilizan materiales de alta calidad, siendo una referencia entre las <strong>empresas de pintura en Ceuta<\/strong>.<\/li>\n\n\n\n<li><strong>Pinturas Gotham:<\/strong> Otra tienda de pinturas con servicio de <strong>pintura a domicilio<\/strong>, se caracterizan por su atenci\u00f3n al cliente y sus precios competitivos, lo que la convierte en una buena opci\u00f3n para quienes buscan <strong>pintores en Ceuta<\/strong> con precios accesibles.<\/li>\n\n\n\n<li><strong>SIN ANDAMIOS:<\/strong> Si buscas una empresa especializada en trabajos de pintura vertical, como la pintura de fachadas y comunidades de vecinos, esta es ideal. Tienen experiencia en <strong>pintura y reformas en Ceuta<\/strong> que requieren t\u00e9cnicas espec\u00edficas.<\/li>\n<\/ul>\n\n\n\n<p>El <strong>precio de pintar un piso en Ceuta<\/strong> puede variar. Para un piso de 90 m\u00b2, el coste aproximado es de unos 850 \u20ac, y el precio medio por metro cuadrado oscila entre 4 \u20ac y 10 \u20ac.<\/p>\n\n\n\n<h2 class=\"wp-block-heading\"><strong>Encuentra los Mejores Precios para tus Proyectos de Pintura en Ceuta<\/strong><\/h2>\n\n\n\n<p>Para encontrar la <strong>empresa de pintores en Ceuta<\/strong> ideal para tus <strong>reparaciones urgentes y reformas integrales<\/strong>, y para descubrir <strong>pintores baratos en Ceuta cerca de ti<\/strong>, entra en ReformaPisos.com. Ah\u00ed podr\u00e1s contactar con profesionales con a\u00f1os de experiencia que te ofrecer\u00e1n los mejores precios y soluciones para tu hogar.<\/p>\n","protected":false},"excerpt":{"rendered":"Pintores a Domicilio en Ceuta: Reformas y Reparaciones Si necesitas pintores para reformas y reparaciones en Ceuta, busca en ReformaPisos.com la empresa de pintores baratos en Ceuta. Contacta f\u00e1cil y r\u00e1pido con profesionales con a\u00f1os de experiencia que sean pintores en Ceuta, a los mejores precios para reparaciones urgentes y reformas en Ceuta. Nuestros colaboradores[&#8230;]","protected":false},"author":2,"featured_media":0,"parent":0,"menu_order":0,"comment_status":"closed","ping_status":"closed","template":"","meta":{"footnotes":""},"yoast_head":"<!-- This site is optimized with the Yoast SEO plugin v22.9 - https:\/\/yoast.com\/wordpress\/plugins\/seo\/ -->\n<title>Pintores de pisos para reformas y reparaciones del hogar en Ceuta - Reformas integrales de pisos y viviendas<\/title>\n<meta name=\"robots\" content=\"index, follow, max-snippet:-1, max-image-preview:large, max-video-preview:-1\" \/>\n<link rel=\"canonical\" href=\"https:\/\/reformapisos.com\/index.php\/pintores-de-pisos-para-reformas-y-reparaciones-del-hogar-en-ceuta\/\" \/>\n<meta property=\"og:locale\" content=\"es_ES\" \/>\n<meta property=\"og:type\" content=\"article\" \/>\n<meta property=\"og:title\" content=\"Pintores de pisos para reformas y reparaciones del hogar en Ceuta - Reformas integrales de pisos y viviendas\" \/>\n<meta property=\"og:description\" content=\"Pintores a Domicilio en Ceuta: Reformas y Reparaciones Si necesitas pintores para reformas y reparaciones en Ceuta, busca en ReformaPisos.com la empresa de pintores baratos en Ceuta. Contacta f\u00e1cil y r\u00e1pido con profesionales con a\u00f1os de experiencia que sean pintores en Ceuta, a los mejores precios para reparaciones urgentes y reformas en Ceuta. Nuestros colaboradores[...]\" \/>\n<meta property=\"og:url\" content=\"https:\/\/reformapisos.com\/index.php\/pintores-de-pisos-para-reformas-y-reparaciones-del-hogar-en-ceuta\/\" \/>\n<meta property=\"og:site_name\" content=\"Reformas integrales de pisos y viviendas\" \/>\n<meta property=\"article:modified_time\" content=\"2025-05-28T09:06:30+00:00\" \/>\n<meta property=\"og:image\" content=\"https:\/\/reformapisos.com\/wp-content\/uploads\/2023\/10\/118-1024x288.png\" \/>\n<meta name=\"twitter:card\" content=\"summary_large_image\" \/>\n<meta name=\"twitter:label1\" content=\"Tiempo de lectura\" \/>\n\t<meta name=\"twitter:data1\" content=\"2 minutos\" \/>\n<script type=\"application\/ld+json\" class=\"yoast-schema-graph\">{\"@context\":\"https:\/\/schema.org\",\"@graph\":[{\"@type\":\"WebPage\",\"@id\":\"https:\/\/reformapisos.com\/index.php\/pintores-de-pisos-para-reformas-y-reparaciones-del-hogar-en-ceuta\/\",\"url\":\"https:\/\/reformapisos.com\/index.php\/pintores-de-pisos-para-reformas-y-reparaciones-del-hogar-en-ceuta\/\",\"name\":\"Pintores de pisos para reformas y reparaciones del hogar en Ceuta - Reformas integrales de pisos y viviendas\",\"isPartOf\":{\"@id\":\"https:\/\/reformapisos.com\/#website\"},\"primaryImageOfPage\":{\"@id\":\"https:\/\/reformapisos.com\/index.php\/pintores-de-pisos-para-reformas-y-reparaciones-del-hogar-en-ceuta\/#primaryimage\"},\"image\":{\"@id\":\"https:\/\/reformapisos.com\/index.php\/pintores-de-pisos-para-reformas-y-reparaciones-del-hogar-en-ceuta\/#primaryimage\"},\"thumbnailUrl\":\"https:\/\/reformapisos.com\/wp-content\/uploads\/2023\/10\/118-1024x288.png\",\"datePublished\":\"2023-10-10T11:47:49+00:00\",\"dateModified\":\"2025-05-28T09:06:30+00:00\",\"breadcrumb\":{\"@id\":\"https:\/\/reformapisos.com\/index.php\/pintores-de-pisos-para-reformas-y-reparaciones-del-hogar-en-ceuta\/#breadcrumb\"},\"inLanguage\":\"es\",\"potentialAction\":[{\"@type\":\"ReadAction\",\"target\":[\"https:\/\/reformapisos.com\/index.php\/pintores-de-pisos-para-reformas-y-reparaciones-del-hogar-en-ceuta\/\"]}]},{\"@type\":\"ImageObject\",\"inLanguage\":\"es\",\"@id\":\"https:\/\/reformapisos.com\/index.php\/pintores-de-pisos-para-reformas-y-reparaciones-del-hogar-en-ceuta\/#primaryimage\",\"url\":\"https:\/\/reformapisos.com\/wp-content\/uploads\/2023\/10\/118.png\",\"contentUrl\":\"https:\/\/reformapisos.com\/wp-content\/uploads\/2023\/10\/118.png\",\"width\":1280,\"height\":360,\"caption\":\"Pintores de pisos para reformas y reparaciones del hogar en Ceuta\"},{\"@type\":\"BreadcrumbList\",\"@id\":\"https:\/\/reformapisos.com\/index.php\/pintores-de-pisos-para-reformas-y-reparaciones-del-hogar-en-ceuta\/#breadcrumb\",\"itemListElement\":[{\"@type\":\"ListItem\",\"position\":1,\"name\":\"Portada\",\"item\":\"https:\/\/reformapisos.com\/\"},{\"@type\":\"ListItem\",\"position\":2,\"name\":\"Pintores de pisos para reformas y reparaciones del hogar en Ceuta\"}]},{\"@type\":\"WebSite\",\"@id\":\"https:\/\/reformapisos.com\/#website\",\"url\":\"https:\/\/reformapisos.com\/\",\"name\":\"Reformas integrales de pisos y viviendas\",\"description\":\"Otro sitio realizado con WordPress\",\"potentialAction\":[{\"@type\":\"SearchAction\",\"target\":{\"@type\":\"EntryPoint\",\"urlTemplate\":\"https:\/\/reformapisos.com\/?s={search_term_string}\"},\"query-input\":\"required name=search_term_string\"}],\"inLanguage\":\"es\"}]}<\/script>\n<!-- \/ Yoast SEO plugin. -->","yoast_head_json":{"title":"Pintores de pisos para reformas y reparaciones del hogar en Ceuta - Reformas integrales de pisos y viviendas","robots":{"index":"index","follow":"follow","max-snippet":"max-snippet:-1","max-image-preview":"max-image-preview:large","max-video-preview":"max-video-preview:-1"},"canonical":"https:\/\/reformapisos.com\/index.php\/pintores-de-pisos-para-reformas-y-reparaciones-del-hogar-en-ceuta\/","og_locale":"es_ES","og_type":"article","og_title":"Pintores de pisos para reformas y reparaciones del hogar en Ceuta - Reformas integrales de pisos y viviendas","og_description":"Pintores a Domicilio en Ceuta: Reformas y Reparaciones Si necesitas pintores para reformas y reparaciones en Ceuta, busca en ReformaPisos.com la empresa de pintores baratos en Ceuta. Contacta f\u00e1cil y r\u00e1pido con profesionales con a\u00f1os de experiencia que sean pintores en Ceuta, a los mejores precios para reparaciones urgentes y reformas en Ceuta. Nuestros colaboradores[...]","og_url":"https:\/\/reformapisos.com\/index.php\/pintores-de-pisos-para-reformas-y-reparaciones-del-hogar-en-ceuta\/","og_site_name":"Reformas integrales de pisos y viviendas","article_modified_time":"2025-05-28T09:06:30+00:00","og_image":[{"url":"https:\/\/reformapisos.com\/wp-content\/uploads\/2023\/10\/118-1024x288.png"}],"twitter_card":"summary_large_image","twitter_misc":{"Tiempo de lectura":"2 minutos"},"schema":{"@context":"https:\/\/schema.org","@graph":[{"@type":"WebPage","@id":"https:\/\/reformapisos.com\/index.php\/pintores-de-pisos-para-reformas-y-reparaciones-del-hogar-en-ceuta\/","url":"https:\/\/reformapisos.com\/index.php\/pintores-de-pisos-para-reformas-y-reparaciones-del-hogar-en-ceuta\/","name":"Pintores de pisos para reformas y reparaciones del hogar en Ceuta - Reformas integrales de pisos y viviendas","isPartOf":{"@id":"https:\/\/reformapisos.com\/#website"},"primaryImageOfPage":{"@id":"https:\/\/reformapisos.com\/index.php\/pintores-de-pisos-para-reformas-y-reparaciones-del-hogar-en-ceuta\/#primaryimage"},"image":{"@id":"https:\/\/reformapisos.com\/index.php\/pintores-de-pisos-para-reformas-y-reparaciones-del-hogar-en-ceuta\/#primaryimage"},"thumbnailUrl":"https:\/\/reformapisos.com\/wp-content\/uploads\/2023\/10\/118-1024x288.png","datePublished":"2023-10-10T11:47:49+00:00","dateModified":"2025-05-28T09:06:30+00:00","breadcrumb":{"@id":"https:\/\/reformapisos.com\/index.php\/pintores-de-pisos-para-reformas-y-reparaciones-del-hogar-en-ceuta\/#breadcrumb"},"inLanguage":"es","potentialAction":[{"@type":"ReadAction","target":["https:\/\/reformapisos.com\/index.php\/pintores-de-pisos-para-reformas-y-reparaciones-del-hogar-en-ceuta\/"]}]},{"@type":"ImageObject","inLanguage":"es","@id":"https:\/\/reformapisos.com\/index.php\/pintores-de-pisos-para-reformas-y-reparaciones-del-hogar-en-ceuta\/#primaryimage","url":"https:\/\/reformapisos.com\/wp-content\/uploads\/2023\/10\/118.png","contentUrl":"https:\/\/reformapisos.com\/wp-content\/uploads\/2023\/10\/118.png","width":1280,"height":360,"caption":"Pintores de pisos para reformas y reparaciones del hogar en Ceuta"},{"@type":"BreadcrumbList","@id":"https:\/\/reformapisos.com\/index.php\/pintores-de-pisos-para-reformas-y-reparaciones-del-hogar-en-ceuta\/#breadcrumb","itemListElement":[{"@type":"ListItem","position":1,"name":"Portada","item":"https:\/\/reformapisos.com\/"},{"@type":"ListItem","position":2,"name":"Pintores de pisos para reformas y reparaciones del hogar en Ceuta"}]},{"@type":"WebSite","@id":"https:\/\/reformapisos.com\/#website","url":"https:\/\/reformapisos.com\/","name":"Reformas integrales de pisos y viviendas","description":"Otro sitio realizado con WordPress","potentialAction":[{"@type":"SearchAction","target":{"@type":"EntryPoint","urlTemplate":"https:\/\/reformapisos.com\/?s={search_term_string}"},"query-input":"required name=search_term_string"}],"inLanguage":"es"}]}},"_links":{"self":[{"href":"https:\/\/reformapisos.com\/index.php\/wp-json\/wp\/v2\/pages\/2716"}],"collection":[{"href":"https:\/\/reformapisos.com\/index.php\/wp-json\/wp\/v2\/pages"}],"about":[{"href":"https:\/\/reformapisos.com\/index.php\/wp-json\/wp\/v2\/types\/page"}],"author":[{"embeddable":true,"href":"https:\/\/reformapisos.com\/index.php\/wp-json\/wp\/v2\/users\/2"}],"replies":[{"embeddable":true,"href":"https:\/\/reformapisos.com\/index.php\/wp-json\/wp\/v2\/comments?post=2716"}],"version-history":[{"count":5,"href":"https:\/\/reformapisos.com\/index.php\/wp-json\/wp\/v2\/pages\/2716\/revisions"}],"predecessor-version":[{"id":3448,"href":"https:\/\/reformapisos.com\/index.php\/wp-json\/wp\/v2\/pages\/2716\/revisions\/3448"}],"wp:attachment":[{"href":"https:\/\/reformapisos.com\/index.php\/wp-json\/wp\/v2\/media?parent=2716"}],"curies":[{"name":"wp","href":"https:\/\/api.w.org\/{rel}","templated":true}]}}