{"id":2162,"date":"2021-05-12T10:32:10","date_gmt":"2021-05-12T10:32:10","guid":{"rendered":"https:\/\/reformapisos.com\/?post_type=product&#038;p=2162"},"modified":"2021-05-21T08:20:35","modified_gmt":"2021-05-21T08:20:35","slug":"karcher-hidrolimpiadora-de-alta-presion-k2-universal","status":"publish","type":"product","link":"https:\/\/reformapisos.com\/index.php\/product\/karcher-hidrolimpiadora-de-alta-presion-k2-universal\/","title":{"rendered":"K\u00e4rcher: Hidrolimpiadora de alta presi\u00f3n k2 universal"},"content":{"rendered":"","protected":false},"excerpt":{"rendered":"K\u00e4rcher Hidrolimpiadora, Herramientas electricas Amazon, Si quieres comprar herramientas baratas online aprovecha las ventajas de Amazon Prime y compra ya herramientas de trabajo Amazon","protected":false},"featured_media":2304,"comment_status":"open","ping_status":"closed","template":"","meta":[],"yoast_head":"<!-- This site is optimized with the Yoast SEO plugin v22.9 - https:\/\/yoast.com\/wordpress\/plugins\/seo\/ -->\n<title>K\u00e4rcher: Hidrolimpiadora de alta presi\u00f3n k2 universal - Reformas integrales de pisos y viviendas<\/title>\n<meta name=\"robots\" content=\"index, follow, max-snippet:-1, max-image-preview:large, max-video-preview:-1\" \/>\n<link rel=\"canonical\" href=\"https:\/\/reformapisos.com\/index.php\/product\/karcher-hidrolimpiadora-de-alta-presion-k2-universal\/\" \/>\n<meta property=\"og:locale\" content=\"es_ES\" \/>\n<meta property=\"og:type\" content=\"article\" \/>\n<meta property=\"og:title\" content=\"K\u00e4rcher: Hidrolimpiadora de alta presi\u00f3n k2 universal - Reformas integrales de pisos y viviendas\" \/>\n<meta property=\"og:description\" content=\"K\u00e4rcher Hidrolimpiadora, Herramientas electricas Amazon, Si quieres comprar herramientas baratas online aprovecha las ventajas de Amazon Prime y compra ya herramientas de trabajo Amazon\" \/>\n<meta property=\"og:url\" content=\"https:\/\/reformapisos.com\/index.php\/product\/karcher-hidrolimpiadora-de-alta-presion-k2-universal\/\" \/>\n<meta property=\"og:site_name\" content=\"Reformas integrales de pisos y viviendas\" \/>\n<meta property=\"article:modified_time\" content=\"2021-05-21T08:20:35+00:00\" \/>\n<meta property=\"og:image\" content=\"https:\/\/reformapisos.com\/wp-content\/uploads\/2021\/05\/comprar-karcher-hidrolimpiadora-amazon.jpg\" \/>\n\t<meta property=\"og:image:width\" content=\"373\" \/>\n\t<meta property=\"og:image:height\" content=\"319\" \/>\n\t<meta property=\"og:image:type\" content=\"image\/jpeg\" \/>\n<meta name=\"twitter:card\" content=\"summary_large_image\" \/>\n<script type=\"application\/ld+json\" class=\"yoast-schema-graph\">{\"@context\":\"https:\/\/schema.org\",\"@graph\":[{\"@type\":\"WebPage\",\"@id\":\"https:\/\/reformapisos.com\/index.php\/product\/karcher-hidrolimpiadora-de-alta-presion-k2-universal\/\",\"url\":\"https:\/\/reformapisos.com\/index.php\/product\/karcher-hidrolimpiadora-de-alta-presion-k2-universal\/\",\"name\":\"K\u00e4rcher: Hidrolimpiadora de alta presi\u00f3n k2 universal - Reformas integrales de pisos y viviendas\",\"isPartOf\":{\"@id\":\"https:\/\/reformapisos.com\/#website\"},\"primaryImageOfPage\":{\"@id\":\"https:\/\/reformapisos.com\/index.php\/product\/karcher-hidrolimpiadora-de-alta-presion-k2-universal\/#primaryimage\"},\"image\":{\"@id\":\"https:\/\/reformapisos.com\/index.php\/product\/karcher-hidrolimpiadora-de-alta-presion-k2-universal\/#primaryimage\"},\"thumbnailUrl\":\"https:\/\/reformapisos.com\/wp-content\/uploads\/2021\/05\/comprar-karcher-hidrolimpiadora-amazon.jpg\",\"datePublished\":\"2021-05-12T10:32:10+00:00\",\"dateModified\":\"2021-05-21T08:20:35+00:00\",\"breadcrumb\":{\"@id\":\"https:\/\/reformapisos.com\/index.php\/product\/karcher-hidrolimpiadora-de-alta-presion-k2-universal\/#breadcrumb\"},\"inLanguage\":\"es\",\"potentialAction\":[{\"@type\":\"ReadAction\",\"target\":[\"https:\/\/reformapisos.com\/index.php\/product\/karcher-hidrolimpiadora-de-alta-presion-k2-universal\/\"]}]},{\"@type\":\"ImageObject\",\"inLanguage\":\"es\",\"@id\":\"https:\/\/reformapisos.com\/index.php\/product\/karcher-hidrolimpiadora-de-alta-presion-k2-universal\/#primaryimage\",\"url\":\"https:\/\/reformapisos.com\/wp-content\/uploads\/2021\/05\/comprar-karcher-hidrolimpiadora-amazon.jpg\",\"contentUrl\":\"https:\/\/reformapisos.com\/wp-content\/uploads\/2021\/05\/comprar-karcher-hidrolimpiadora-amazon.jpg\",\"width\":373,\"height\":319,\"caption\":\"comprar karcher hidrolimpiadora amazon\"},{\"@type\":\"BreadcrumbList\",\"@id\":\"https:\/\/reformapisos.com\/index.php\/product\/karcher-hidrolimpiadora-de-alta-presion-k2-universal\/#breadcrumb\",\"itemListElement\":[{\"@type\":\"ListItem\",\"position\":1,\"name\":\"Portada\",\"item\":\"https:\/\/reformapisos.com\/\"},{\"@type\":\"ListItem\",\"position\":2,\"name\":\"Shop\",\"item\":\"https:\/\/reformapisos.com\/index.php\/shop\/\"},{\"@type\":\"ListItem\",\"position\":3,\"name\":\"K\u00e4rcher: Hidrolimpiadora de alta presi\u00f3n k2 universal\"}]},{\"@type\":\"WebSite\",\"@id\":\"https:\/\/reformapisos.com\/#website\",\"url\":\"https:\/\/reformapisos.com\/\",\"name\":\"Reformas integrales de pisos y viviendas\",\"description\":\"Otro sitio realizado con WordPress\",\"potentialAction\":[{\"@type\":\"SearchAction\",\"target\":{\"@type\":\"EntryPoint\",\"urlTemplate\":\"https:\/\/reformapisos.com\/?s={search_term_string}\"},\"query-input\":\"required name=search_term_string\"}],\"inLanguage\":\"es\"}]}<\/script>\n<!-- \/ Yoast SEO plugin. -->","yoast_head_json":{"title":"K\u00e4rcher: Hidrolimpiadora de alta presi\u00f3n k2 universal - Reformas integrales de pisos y viviendas","robots":{"index":"index","follow":"follow","max-snippet":"max-snippet:-1","max-image-preview":"max-image-preview:large","max-video-preview":"max-video-preview:-1"},"canonical":"https:\/\/reformapisos.com\/index.php\/product\/karcher-hidrolimpiadora-de-alta-presion-k2-universal\/","og_locale":"es_ES","og_type":"article","og_title":"K\u00e4rcher: Hidrolimpiadora de alta presi\u00f3n k2 universal - Reformas integrales de pisos y viviendas","og_description":"K\u00e4rcher Hidrolimpiadora, Herramientas electricas Amazon, Si quieres comprar herramientas baratas online aprovecha las ventajas de Amazon Prime y compra ya herramientas de trabajo Amazon","og_url":"https:\/\/reformapisos.com\/index.php\/product\/karcher-hidrolimpiadora-de-alta-presion-k2-universal\/","og_site_name":"Reformas integrales de pisos y viviendas","article_modified_time":"2021-05-21T08:20:35+00:00","og_image":[{"width":373,"height":319,"url":"https:\/\/reformapisos.com\/wp-content\/uploads\/2021\/05\/comprar-karcher-hidrolimpiadora-amazon.jpg","type":"image\/jpeg"}],"twitter_card":"summary_large_image","schema":{"@context":"https:\/\/schema.org","@graph":[{"@type":"WebPage","@id":"https:\/\/reformapisos.com\/index.php\/product\/karcher-hidrolimpiadora-de-alta-presion-k2-universal\/","url":"https:\/\/reformapisos.com\/index.php\/product\/karcher-hidrolimpiadora-de-alta-presion-k2-universal\/","name":"K\u00e4rcher: Hidrolimpiadora de alta presi\u00f3n k2 universal - Reformas integrales de pisos y viviendas","isPartOf":{"@id":"https:\/\/reformapisos.com\/#website"},"primaryImageOfPage":{"@id":"https:\/\/reformapisos.com\/index.php\/product\/karcher-hidrolimpiadora-de-alta-presion-k2-universal\/#primaryimage"},"image":{"@id":"https:\/\/reformapisos.com\/index.php\/product\/karcher-hidrolimpiadora-de-alta-presion-k2-universal\/#primaryimage"},"thumbnailUrl":"https:\/\/reformapisos.com\/wp-content\/uploads\/2021\/05\/comprar-karcher-hidrolimpiadora-amazon.jpg","datePublished":"2021-05-12T10:32:10+00:00","dateModified":"2021-05-21T08:20:35+00:00","breadcrumb":{"@id":"https:\/\/reformapisos.com\/index.php\/product\/karcher-hidrolimpiadora-de-alta-presion-k2-universal\/#breadcrumb"},"inLanguage":"es","potentialAction":[{"@type":"ReadAction","target":["https:\/\/reformapisos.com\/index.php\/product\/karcher-hidrolimpiadora-de-alta-presion-k2-universal\/"]}]},{"@type":"ImageObject","inLanguage":"es","@id":"https:\/\/reformapisos.com\/index.php\/product\/karcher-hidrolimpiadora-de-alta-presion-k2-universal\/#primaryimage","url":"https:\/\/reformapisos.com\/wp-content\/uploads\/2021\/05\/comprar-karcher-hidrolimpiadora-amazon.jpg","contentUrl":"https:\/\/reformapisos.com\/wp-content\/uploads\/2021\/05\/comprar-karcher-hidrolimpiadora-amazon.jpg","width":373,"height":319,"caption":"comprar karcher hidrolimpiadora amazon"},{"@type":"BreadcrumbList","@id":"https:\/\/reformapisos.com\/index.php\/product\/karcher-hidrolimpiadora-de-alta-presion-k2-universal\/#breadcrumb","itemListElement":[{"@type":"ListItem","position":1,"name":"Portada","item":"https:\/\/reformapisos.com\/"},{"@type":"ListItem","position":2,"name":"Shop","item":"https:\/\/reformapisos.com\/index.php\/shop\/"},{"@type":"ListItem","position":3,"name":"K\u00e4rcher: Hidrolimpiadora de alta presi\u00f3n k2 universal"}]},{"@type":"WebSite","@id":"https:\/\/reformapisos.com\/#website","url":"https:\/\/reformapisos.com\/","name":"Reformas integrales de pisos y viviendas","description":"Otro sitio realizado con WordPress","potentialAction":[{"@type":"SearchAction","target":{"@type":"EntryPoint","urlTemplate":"https:\/\/reformapisos.com\/?s={search_term_string}"},"query-input":"required name=search_term_string"}],"inLanguage":"es"}]}},"_links":{"self":[{"href":"https:\/\/reformapisos.com\/index.php\/wp-json\/wp\/v2\/product\/2162"}],"collection":[{"href":"https:\/\/reformapisos.com\/index.php\/wp-json\/wp\/v2\/product"}],"about":[{"href":"https:\/\/reformapisos.com\/index.php\/wp-json\/wp\/v2\/types\/product"}],"replies":[{"embeddable":true,"href":"https:\/\/reformapisos.com\/index.php\/wp-json\/wp\/v2\/comments?post=2162"}],"wp:featuredmedia":[{"embeddable":true,"href":"https:\/\/reformapisos.com\/index.php\/wp-json\/wp\/v2\/media\/2304"}],"wp:attachment":[{"href":"https:\/\/reformapisos.com\/index.php\/wp-json\/wp\/v2\/media?parent=2162"}],"curies":[{"name":"wp","href":"https:\/\/api.w.org\/{rel}","templated":true}]}}