{"id":2190,"date":"2021-05-13T07:17:22","date_gmt":"2021-05-13T07:17:22","guid":{"rendered":"https:\/\/reformapisos.com\/?post_type=product&#038;p=2190"},"modified":"2021-05-21T08:36:56","modified_gmt":"2021-05-21T08:36:56","slug":"lampara-de-pared-interior-2pcs-6w-led-moderno-accesorio-de-iliminacion-para-sala-cocina-dormitorio-comedor-blanco-calido","status":"publish","type":"product","link":"https:\/\/reformapisos.com\/index.php\/product\/lampara-de-pared-interior-2pcs-6w-led-moderno-accesorio-de-iliminacion-para-sala-cocina-dormitorio-comedor-blanco-calido\/","title":{"rendered":"L\u00e1mpara de Pared Interior 2pcs 6w Led moderno accesorio de iliminaci\u00f3n para Sala, Cocina, Dormitorio, Comedor blanco c\u00e1lido"},"content":{"rendered":"","protected":false},"excerpt":{"rendered":"L\u00e1mpara de Pared Interior, si quieres comprar l\u00e1mparas baratas online aprovecha las ventajas de Amazon Prime, compra ya l\u00e1mparas amazon dormitorio, amazon lamparas de techo modernas, amazon lamparas de techo led","protected":false},"featured_media":2319,"comment_status":"open","ping_status":"closed","template":"","meta":[],"yoast_head":"<!-- This site is optimized with the Yoast SEO plugin v22.9 - https:\/\/yoast.com\/wordpress\/plugins\/seo\/ -->\n<title>L\u00e1mpara de Pared Interior 2pcs 6w Led moderno accesorio de iliminaci\u00f3n para Sala, Cocina, Dormitorio, Comedor blanco c\u00e1lido - Reformas integrales de pisos y viviendas<\/title>\n<meta name=\"robots\" content=\"index, follow, max-snippet:-1, max-image-preview:large, max-video-preview:-1\" \/>\n<link rel=\"canonical\" href=\"https:\/\/reformapisos.com\/index.php\/product\/lampara-de-pared-interior-2pcs-6w-led-moderno-accesorio-de-iliminacion-para-sala-cocina-dormitorio-comedor-blanco-calido\/\" \/>\n<meta property=\"og:locale\" content=\"es_ES\" \/>\n<meta property=\"og:type\" content=\"article\" \/>\n<meta property=\"og:title\" content=\"L\u00e1mpara de Pared Interior 2pcs 6w Led moderno accesorio de iliminaci\u00f3n para Sala, Cocina, Dormitorio, Comedor blanco c\u00e1lido - Reformas integrales de pisos y viviendas\" \/>\n<meta property=\"og:description\" content=\"L\u00e1mpara de Pared Interior, si quieres comprar l\u00e1mparas baratas online aprovecha las ventajas de Amazon Prime, compra ya l\u00e1mparas amazon dormitorio, amazon lamparas de techo modernas, amazon lamparas de techo led\" \/>\n<meta property=\"og:url\" content=\"https:\/\/reformapisos.com\/index.php\/product\/lampara-de-pared-interior-2pcs-6w-led-moderno-accesorio-de-iliminacion-para-sala-cocina-dormitorio-comedor-blanco-calido\/\" \/>\n<meta property=\"og:site_name\" content=\"Reformas integrales de pisos y viviendas\" \/>\n<meta property=\"article:modified_time\" content=\"2021-05-21T08:36:56+00:00\" \/>\n<meta property=\"og:image\" content=\"https:\/\/reformapisos.com\/wp-content\/uploads\/2021\/05\/comprar-l\u00e1mpara-aplique-pared-interior-amazon.jpg\" \/>\n\t<meta property=\"og:image:width\" content=\"663\" \/>\n\t<meta property=\"og:image:height\" content=\"513\" \/>\n\t<meta property=\"og:image:type\" content=\"image\/jpeg\" \/>\n<meta name=\"twitter:card\" content=\"summary_large_image\" \/>\n<script type=\"application\/ld+json\" class=\"yoast-schema-graph\">{\"@context\":\"https:\/\/schema.org\",\"@graph\":[{\"@type\":\"WebPage\",\"@id\":\"https:\/\/reformapisos.com\/index.php\/product\/lampara-de-pared-interior-2pcs-6w-led-moderno-accesorio-de-iliminacion-para-sala-cocina-dormitorio-comedor-blanco-calido\/\",\"url\":\"https:\/\/reformapisos.com\/index.php\/product\/lampara-de-pared-interior-2pcs-6w-led-moderno-accesorio-de-iliminacion-para-sala-cocina-dormitorio-comedor-blanco-calido\/\",\"name\":\"L\u00e1mpara de Pared Interior 2pcs 6w Led moderno accesorio de iliminaci\u00f3n para Sala, Cocina, Dormitorio, Comedor blanco c\u00e1lido - Reformas integrales de pisos y viviendas\",\"isPartOf\":{\"@id\":\"https:\/\/reformapisos.com\/#website\"},\"primaryImageOfPage\":{\"@id\":\"https:\/\/reformapisos.com\/index.php\/product\/lampara-de-pared-interior-2pcs-6w-led-moderno-accesorio-de-iliminacion-para-sala-cocina-dormitorio-comedor-blanco-calido\/#primaryimage\"},\"image\":{\"@id\":\"https:\/\/reformapisos.com\/index.php\/product\/lampara-de-pared-interior-2pcs-6w-led-moderno-accesorio-de-iliminacion-para-sala-cocina-dormitorio-comedor-blanco-calido\/#primaryimage\"},\"thumbnailUrl\":\"https:\/\/reformapisos.com\/wp-content\/uploads\/2021\/05\/comprar-l\u00e1mpara-aplique-pared-interior-amazon.jpg\",\"datePublished\":\"2021-05-13T07:17:22+00:00\",\"dateModified\":\"2021-05-21T08:36:56+00:00\",\"breadcrumb\":{\"@id\":\"https:\/\/reformapisos.com\/index.php\/product\/lampara-de-pared-interior-2pcs-6w-led-moderno-accesorio-de-iliminacion-para-sala-cocina-dormitorio-comedor-blanco-calido\/#breadcrumb\"},\"inLanguage\":\"es\",\"potentialAction\":[{\"@type\":\"ReadAction\",\"target\":[\"https:\/\/reformapisos.com\/index.php\/product\/lampara-de-pared-interior-2pcs-6w-led-moderno-accesorio-de-iliminacion-para-sala-cocina-dormitorio-comedor-blanco-calido\/\"]}]},{\"@type\":\"ImageObject\",\"inLanguage\":\"es\",\"@id\":\"https:\/\/reformapisos.com\/index.php\/product\/lampara-de-pared-interior-2pcs-6w-led-moderno-accesorio-de-iliminacion-para-sala-cocina-dormitorio-comedor-blanco-calido\/#primaryimage\",\"url\":\"https:\/\/reformapisos.com\/wp-content\/uploads\/2021\/05\/comprar-l\u00e1mpara-aplique-pared-interior-amazon.jpg\",\"contentUrl\":\"https:\/\/reformapisos.com\/wp-content\/uploads\/2021\/05\/comprar-l\u00e1mpara-aplique-pared-interior-amazon.jpg\",\"width\":663,\"height\":513,\"caption\":\"comprar l\u00e1mpara aplique pared interior amazon\"},{\"@type\":\"BreadcrumbList\",\"@id\":\"https:\/\/reformapisos.com\/index.php\/product\/lampara-de-pared-interior-2pcs-6w-led-moderno-accesorio-de-iliminacion-para-sala-cocina-dormitorio-comedor-blanco-calido\/#breadcrumb\",\"itemListElement\":[{\"@type\":\"ListItem\",\"position\":1,\"name\":\"Portada\",\"item\":\"https:\/\/reformapisos.com\/\"},{\"@type\":\"ListItem\",\"position\":2,\"name\":\"Shop\",\"item\":\"https:\/\/reformapisos.com\/index.php\/shop\/\"},{\"@type\":\"ListItem\",\"position\":3,\"name\":\"L\u00e1mpara de Pared Interior 2pcs 6w Led moderno accesorio de iliminaci\u00f3n para Sala, Cocina, Dormitorio, Comedor blanco c\u00e1lido\"}]},{\"@type\":\"WebSite\",\"@id\":\"https:\/\/reformapisos.com\/#website\",\"url\":\"https:\/\/reformapisos.com\/\",\"name\":\"Reformas integrales de pisos y viviendas\",\"description\":\"Otro sitio realizado con WordPress\",\"potentialAction\":[{\"@type\":\"SearchAction\",\"target\":{\"@type\":\"EntryPoint\",\"urlTemplate\":\"https:\/\/reformapisos.com\/?s={search_term_string}\"},\"query-input\":\"required name=search_term_string\"}],\"inLanguage\":\"es\"}]}<\/script>\n<!-- \/ Yoast SEO plugin. -->","yoast_head_json":{"title":"L\u00e1mpara de Pared Interior 2pcs 6w Led moderno accesorio de iliminaci\u00f3n para Sala, Cocina, Dormitorio, Comedor blanco c\u00e1lido - Reformas integrales de pisos y viviendas","robots":{"index":"index","follow":"follow","max-snippet":"max-snippet:-1","max-image-preview":"max-image-preview:large","max-video-preview":"max-video-preview:-1"},"canonical":"https:\/\/reformapisos.com\/index.php\/product\/lampara-de-pared-interior-2pcs-6w-led-moderno-accesorio-de-iliminacion-para-sala-cocina-dormitorio-comedor-blanco-calido\/","og_locale":"es_ES","og_type":"article","og_title":"L\u00e1mpara de Pared Interior 2pcs 6w Led moderno accesorio de iliminaci\u00f3n para Sala, Cocina, Dormitorio, Comedor blanco c\u00e1lido - Reformas integrales de pisos y viviendas","og_description":"L\u00e1mpara de Pared Interior, si quieres comprar l\u00e1mparas baratas online aprovecha las ventajas de Amazon Prime, compra ya l\u00e1mparas amazon dormitorio, amazon lamparas de techo modernas, amazon lamparas de techo led","og_url":"https:\/\/reformapisos.com\/index.php\/product\/lampara-de-pared-interior-2pcs-6w-led-moderno-accesorio-de-iliminacion-para-sala-cocina-dormitorio-comedor-blanco-calido\/","og_site_name":"Reformas integrales de pisos y viviendas","article_modified_time":"2021-05-21T08:36:56+00:00","og_image":[{"width":663,"height":513,"url":"https:\/\/reformapisos.com\/wp-content\/uploads\/2021\/05\/comprar-l\u00e1mpara-aplique-pared-interior-amazon.jpg","type":"image\/jpeg"}],"twitter_card":"summary_large_image","schema":{"@context":"https:\/\/schema.org","@graph":[{"@type":"WebPage","@id":"https:\/\/reformapisos.com\/index.php\/product\/lampara-de-pared-interior-2pcs-6w-led-moderno-accesorio-de-iliminacion-para-sala-cocina-dormitorio-comedor-blanco-calido\/","url":"https:\/\/reformapisos.com\/index.php\/product\/lampara-de-pared-interior-2pcs-6w-led-moderno-accesorio-de-iliminacion-para-sala-cocina-dormitorio-comedor-blanco-calido\/","name":"L\u00e1mpara de Pared Interior 2pcs 6w Led moderno accesorio de iliminaci\u00f3n para Sala, Cocina, Dormitorio, Comedor blanco c\u00e1lido - Reformas integrales de pisos y viviendas","isPartOf":{"@id":"https:\/\/reformapisos.com\/#website"},"primaryImageOfPage":{"@id":"https:\/\/reformapisos.com\/index.php\/product\/lampara-de-pared-interior-2pcs-6w-led-moderno-accesorio-de-iliminacion-para-sala-cocina-dormitorio-comedor-blanco-calido\/#primaryimage"},"image":{"@id":"https:\/\/reformapisos.com\/index.php\/product\/lampara-de-pared-interior-2pcs-6w-led-moderno-accesorio-de-iliminacion-para-sala-cocina-dormitorio-comedor-blanco-calido\/#primaryimage"},"thumbnailUrl":"https:\/\/reformapisos.com\/wp-content\/uploads\/2021\/05\/comprar-l\u00e1mpara-aplique-pared-interior-amazon.jpg","datePublished":"2021-05-13T07:17:22+00:00","dateModified":"2021-05-21T08:36:56+00:00","breadcrumb":{"@id":"https:\/\/reformapisos.com\/index.php\/product\/lampara-de-pared-interior-2pcs-6w-led-moderno-accesorio-de-iliminacion-para-sala-cocina-dormitorio-comedor-blanco-calido\/#breadcrumb"},"inLanguage":"es","potentialAction":[{"@type":"ReadAction","target":["https:\/\/reformapisos.com\/index.php\/product\/lampara-de-pared-interior-2pcs-6w-led-moderno-accesorio-de-iliminacion-para-sala-cocina-dormitorio-comedor-blanco-calido\/"]}]},{"@type":"ImageObject","inLanguage":"es","@id":"https:\/\/reformapisos.com\/index.php\/product\/lampara-de-pared-interior-2pcs-6w-led-moderno-accesorio-de-iliminacion-para-sala-cocina-dormitorio-comedor-blanco-calido\/#primaryimage","url":"https:\/\/reformapisos.com\/wp-content\/uploads\/2021\/05\/comprar-l\u00e1mpara-aplique-pared-interior-amazon.jpg","contentUrl":"https:\/\/reformapisos.com\/wp-content\/uploads\/2021\/05\/comprar-l\u00e1mpara-aplique-pared-interior-amazon.jpg","width":663,"height":513,"caption":"comprar l\u00e1mpara aplique pared interior amazon"},{"@type":"BreadcrumbList","@id":"https:\/\/reformapisos.com\/index.php\/product\/lampara-de-pared-interior-2pcs-6w-led-moderno-accesorio-de-iliminacion-para-sala-cocina-dormitorio-comedor-blanco-calido\/#breadcrumb","itemListElement":[{"@type":"ListItem","position":1,"name":"Portada","item":"https:\/\/reformapisos.com\/"},{"@type":"ListItem","position":2,"name":"Shop","item":"https:\/\/reformapisos.com\/index.php\/shop\/"},{"@type":"ListItem","position":3,"name":"L\u00e1mpara de Pared Interior 2pcs 6w Led moderno accesorio de iliminaci\u00f3n para Sala, Cocina, Dormitorio, Comedor blanco c\u00e1lido"}]},{"@type":"WebSite","@id":"https:\/\/reformapisos.com\/#website","url":"https:\/\/reformapisos.com\/","name":"Reformas integrales de pisos y viviendas","description":"Otro sitio realizado con WordPress","potentialAction":[{"@type":"SearchAction","target":{"@type":"EntryPoint","urlTemplate":"https:\/\/reformapisos.com\/?s={search_term_string}"},"query-input":"required name=search_term_string"}],"inLanguage":"es"}]}},"_links":{"self":[{"href":"https:\/\/reformapisos.com\/index.php\/wp-json\/wp\/v2\/product\/2190"}],"collection":[{"href":"https:\/\/reformapisos.com\/index.php\/wp-json\/wp\/v2\/product"}],"about":[{"href":"https:\/\/reformapisos.com\/index.php\/wp-json\/wp\/v2\/types\/product"}],"replies":[{"embeddable":true,"href":"https:\/\/reformapisos.com\/index.php\/wp-json\/wp\/v2\/comments?post=2190"}],"wp:featuredmedia":[{"embeddable":true,"href":"https:\/\/reformapisos.com\/index.php\/wp-json\/wp\/v2\/media\/2319"}],"wp:attachment":[{"href":"https:\/\/reformapisos.com\/index.php\/wp-json\/wp\/v2\/media?parent=2190"}],"curies":[{"name":"wp","href":"https:\/\/api.w.org\/{rel}","templated":true}]}}